 2*x + 1. Calculate k(-5).
-9
Let p(q) = -q**3 - 14*q**2 - 14*q - 13. Give p(-13).
0
Let b(k) = -4*k + 25. What is b(6)?
1
Let a(w) = 4*w**3 - w**2 + 2*w - 2. Calculate a(1).
3
Let h(i) = -i**3 + 7*i**2 + 6*i - 12. Give h(8).
-28
Let d(p) = -p**3 - 8*p**2 + 10*p + 15. What is d(-9)?
6
Let o(u) = u**2 - 3*u + 7. What is o(0)?
7
Let w(a) = a**3 + 7*a**2 - 18*a - 1. Give w(-9).
-1
Let h(k) = -4*k**2 + 26*k + 16. Calculate h(7).
2
Let d(g) = -g**2 - 13*g + 44. Calculate d(-16).
-4
Let l(i) = -i**3 - 13*i**2 + 10*i - 11. Determine l(-14).
45
Let j(w) = w**2 - 10*w + 10. Determine j(10).
10
Let c(z) = 29*z - 125. Calculate c(4).
-9
Let m(f) = -4*f**2 - 28*f - 9. Give m(-6).
15
Let o(a) = 33*a - 271. Give o(8).
-7
Let y(n) = n**2 + 16*n + 26. Determine y(-9).
-37
Let j(a) = a**3 - 15*a**2 + 5*a + 18. Calculate j(14).
-108
Let z(c) = -3*c + 3. Give z(8).
-21
Let d(y) = y**2 - 19*y - 141. Calculate d(25).
9
Let f(q) = 7*q**2 - 5*q - 5. Determine f(-3).
73
Let s(p) = -p**2 + 8*p + 9. What is s(7)?
16
Let z(t) = 12*t - 136. Give z(11).
-4
Let b(q) = -q**2 - 16*q - 37. Determine b(-12).
11
Let n(j) = -4*j**3 + 3*j + 2. What is n(3)?
-97
Let s(l) = l**2 + 6*l - 36. Give s(-10).
4
Let f(o) = -5*o - 47. Determine f(-10).
3
Let s(n) = -7*n**3 + n + 3. Give s(-1).
9
Let h(n) = -n**2 - 2*n + 5. Give h(-3).
2
Let h(t) = 49*t**3. Give h(-1).
-49
Let x(q) = 2*q**2 + 11*q + 8. What is x(-5)?
3
Let x(t) = t**2 + 17*t + 19. Determine x(-15).
-11
Let m(g) = 3*g - 37. What is m(13)?
2
Let u(g) = -17*g + 385. Give u(22).
11
Let u(w) = -3*w + 9. Calculate u(9).
-18
Let m(k) = -4*k + 80. Calculate m(23).
-12
Let n(k) = 5*k + 3. Determine n(-2).
-7
Let q(o) = o**3 + 22*o**2 - 13. Calculate q(-22).
-13
Let y(a) = -12*a**2 + 3*a + 1. Determine y(-1).
-14
Let f(r) = r**3 - 25*r + 31. Give f(4).
-5
Let f(h) = h**3 + 16*h**2 + 14*h - 10. Calculate f(-15).
5
Let h(n) = -n**3 + 8*n**2 - 10*n + 5. Determine h(6).
17
Let c(w) = -w**2 - 10*w - 1. Determine c(-11).
-12
Let l(q) = 4*q**2 + 17*q - 17. What is l(1)?
4
Let h(o) = 10*o - 2. Calculate h(4).
38
Let g(b) = -b**2 - 4*b + 10. Determine g(-7).
-11
Let n(b) = -2*b**2 + 2*b + 3. What is n(-1)?
-1
Let a(z) = -z**2 - 24*z - 12. Determine a(-13).
131
Let a(v) = -v**2 + 20*v + 24. Give a(16).
88
Let v(u) = -3*u**2 + 3*u - 2. Calculate v(1).
-2
Let o(m) = m**2 - 14*m + 26. Calculate o(8).
-22
Let b(c) = 6*c - 9. Give b(9).
45
Let q(p) = -2*p - 1. What is q(8)?
-17
Let t(f) = -4*f**2 - 11*f - 6. What is t(-2)?
0
Let x(q) = -2*q - 1. Determine x(2).
-5
Let r(m) = -m**3 + 6*m**2 - m + 8. Determine r(6).
2
Let c(o) = 6*o - 54. Give c(9).
0
Let d(m) = -m**3 - 12*m**2 - 16*m - 18. Calculate d(-11).
37
Let r(v) = -v**3 + 14*v**2 - 25*v - 6. Give r(11).
82
Let o(d) = -26*d - 57. Determine o(-5).
73
Let n(m) = -4*m + 10. Determine n(3).
-2
Let n(a) = 2*a**2 - 14*a + 8. Determine n(6).
-4
Let k(t) = t**3 + 12*t**2 - 13*t - 3. What is k(-13)?
-3
Let i(u) = -14*u + 1. Calculate i(-6).
85
Let n(m) = -5*m**2 + 4. What is n(2)?
-16
Let l(s) = 7*s**3 + 4*s**2 + 5*s + 5. Determine l(-2).
-45
Let i(w) = -w**2 + 15*w - 8. Determine i(16).
-24
Let w(f) = 2*f**3 - 14*f**2 + 11*f - 14. Calculate w(6).
-20
Let z(x) = x**2 - 3*x + 17. Give z(7).
45
Let r(j) = -5*j**2 - 7*j - 4. What is r(-2)?
-10
Let z(l) = -10*l. What is z(1)?
-10
Let u(g) = -7*g - 10. Give u(-2).
4
Let y(h) = -h**3 - 15*h**2 - 27*h - 19. Calculate y(-13).
-6
Let f(u) = -2*u**2 + 9*u - 9. Determine f(6).
-27
Let w(i) = -i**2 + 11*i - 23. What is w(7)?
5
Let v(k) = -2*k**2 + 40*k - 45. Determine v(19).
-7
Let n(m) = 3*m**2 + 34*m + 37. Give n(-10).
-3
Let k(b) = 3*b**3 + 17*b**2 + 28*b. Calculate k(-4).
-32
Let h(m) = m + 9. Determine h(-10).
-1
Let o(v) = -6*v + 12. Calculate o(1).
6
Let m(c) = c**3 - 9*c**2 - 5*c + 35. Calculate m(9).
-10
Let w(a) = 9*a**2 - 2*a + 1. Give w(1).
8
Let g(d) = -d**3 - 11*d**2 + 15*d + 14. Give g(-12).
-22
Let p(g) = 7*g + 11. What is p(-5)?
-24
Let u(z) = -2*z + 14. Determine u(-4).
22
Let w(p) = -2*p - 18. What is w(-4)?
-10
Let v(o) = 2*o - 11. Determine v(7).
3
Let w(h) = 91*h + 2. Determine w(-1).
-89
Let s(d) = -d**2 + 4*d + 5. Determine s(-4).
-27
Let c(h) = -h**2 - 3*h + 19. Calculate c(-6).
1
Let l(i) = i**3 + 10*i**2 + 18*i + 7. Determine l(-8).
-9
Let b(m) = -m**3 - 5*m**2 - 2. Calculate b(-5).
-2
Let h(z) = -z**2 + 4*z - 1. Calculate h(8).
-33
Let m(q) = q**3 + 8*q**2 + 10*q + 9. Calculate m(-6).
21
Let t(r) = r**2 + 6*r. Determine t(-4).
-8
Let o(b) = -b**2 + 6*b - 2. What is o(-7)?
-93
Let c(i) = 10*i + 5. Calculate c(-2).
-15
Let r(o) = -4*o**2 + 5*o + 22. What is r(-2)?
-4
Let k(s) = s**3 + 4*s**2 + 2*s + 2. Determine k(-4).
-6
Let k(i) = -i**2 - 6*i + 19. Give k(-8).
3
Let m(h) = -h**3 + 5*h**2 + 28*h - 38. Calculate m(8).
-6
Let p(z) = -3*z**2 - z - 2. Determine p(-3).
-26
Let x(s) = -s**2 + 20*s + 47. Determine x(22).
3
Let q(f) = -106*f**2 - 2*f. What is q(-1)?
-104
Let r(b) = -b**3 - 4*b**2 - 8*b - 15. Give r(-3).
0
Let i(o) = 7*o + 21. Determine i(-5).
-14
Let t(g) = 3*g**3 + 6*g**2 - 5*g - 3. Calculate t(2).
35
Let v(f) = -6*f**2 - 11*f - 13. Give v(-4).
-65
Let v(u) = -u**3 - 16*u**2 - 39*u + 1. What is v(-13)?
1
Let g(v) = -v**3 + 6*v**2 + 9*v - 1. What is g(7)?
13
Let h(z) = -z**3 + 30*z**2 + 12. Calculate h(30).
12
Let y(z) = -2*z**3 - 2*z**2 - 4*z + 1. What is y(-2)?
17
Let b(c) = -10*c**2 - 46*c + 14. Calculate b(-6).
-70
Let f(t) = t**3 - 3*t**2 - 8*t + 23. Determine f(4).
7
Let v(l) = -15*l - 5. What is v(-5)?
70
Let t(b) = -2*b**3 + 19*b**2 - 4*b - 39. Give t(9).
6
Let a(q) = q**3 - 7*q**2 - 5*q + 15. Calculate a(7).
-20
Let h(c) = 45*c**3 + c**2 + 2*c - 1. Calculate h(1).
47
Let j(x) = x**2 - 38*x + 73. Calculate j(36).
1
Let q(z) = -z**3 + 7*z**2 - 2*z - 3. Give q(7).
-17
Let m(p) = -2*p - 31. Calculate m(-14).
-3
Let r(z) = 17*z**2 - 2*z - 1. Determine r(-2).
71
Let y(u) = u**3 - 34*u**2 + 27*u + 192. Calculate y(33).
-6
Let s(j) = 14*j. Give s(0).
0
Let n(y) = y**3 - y**2 - y + 2. Calculate n(0).
2
Let i(w) = 4*w**2 + 2*w - 3. Calculate i(3).
39
Let g(k) = -2*k - 13. What is g(-16)?
19
Let z(b) = b**2 - b - 2. Determine z(-2).
4
Let x(j) = -2*j**2 + 2*j + 41. Calculate x(10).
-139
Let t(l) = -l**2 + 6*l + 12. What is t(8)?
-4
Let o(k) = 19*k + 129. What is o(-7)?
-4
Let n(j) = 6*j**2 + 76*j - 22. Determine n(-13).
4
Let m(j) = -34*j - 116. Calculate m(-4).
20
Let c(y) = -y - 11. Calculate c(-13).
2
Let s(d) = d**2 + 6*d + 10. Calculate s(-4).
2
Let f(b) = b**3 + b**2 - 7*b - 4. Give f(-3).
-1
Let r(x) = -x**3 + 4*x**2 - 6*x + 5. Determine r(4).
-19
Let c(s) = -s**3 - 11*s**2 + 40*s + 5. Calculate c(-14).
33
Let n(p) = 7*p + 107. Calculate n(-25).
-68
Let o(f) = 56*f - 6. What is o(0)?
-6
Let t(z) = 27*z**2 + z. Calculate t(1).
28
Let m(x) = 3*x + 111. Calculate m(-37).
0
Let t(i) = -2*i**3 - 1. Determine t(1).
-3
Let k(n) = -n**2 + n + 8. Calculate k(0).
8
Let z(m) = 2*m**3 + 7*m**2 + 4*m - 4. What is z(-2)?
0
Let f(t) = 2*t**2 - 2*t + 57. What is f(0)?
57
Let t(v) = -v**3 - 9*v**2 - 8*v - 1. What is t(-8)?
-1
Let g(u) = 2*u + 10. What is g(-9)?
-8
Let w(j) = j**2 - 3*j - 10. Determine w(-2).
0
Let p(h) = -h**2 + 28*h + 62. Determine p(22).
194
Let d(j) = 3*j**2 + 2*j - 1. Calculate d(1).
4
Let w(j) = j - 15. What is w(3)?
-12
Let i(y) = 22*y**2 + 3*y + 2. Give i(-1).
21
Let i(m) = -2*m**3 - m**2 + 2*m - 4. What is i(-3)?
35
Let u(r) = r**3 - r**2 - 2*r - 3. Determine u(2).
-3
Let u(l) = l - 2. Calculate u(5).
3
Let m(g) = -3*g**2 - 11*g - 2. Determine m(-3).
4
Let b(r) = -5*r - 14. Give b(-5).
11
Let w(n) = -n**2 + 8*n - 15. Calculate w(7).
-8
Let k(q) = q**3 - 21*q**2 + 20*q - 7. Calculate k(20).
-7
Let m(a) = a**2 + 7*a + 9. Calculate m(-12).
69
Let u(f) = -4*f**3 + 2*f**2 - 4*f + 3. What is u(1)?
-3
Let c(n) = n**3 + 28*n**2 - 95*n - 71. Calculate c(-31).
-9
Let p(v) = -v - 32. Determine p(-11).
-21
Let i(n) = n**3 - n**2 - 1. Determine i(3).
17
Let v(w) = -8*w**2 - 32*w - 7. What is v(-4)?
-7
Let t(f) = f**3 + 9*f**2 + 9*f + 12. What is t(-8)?
4
Let h(y) = y**3 + 18*y**2 - 20*y - 19. What is h(-19)?
0
Let z(i) = -i**3 - 12*i**2 - 10*i. Determine z(-11).
-11
Let s(w) = w**3 - 2*w**2. Give s(3).
9
Let x(j) = -3*j + 4. Calculate x(6).
-14
Let u(s) = 2*s**3 + 64*s**2 - 64*s + 64. Determine u(-33).
-2
Let z(a) = -a**2 +